
INSERT INTO `Areas` (`arID`, `cID`, `arHandle`, `arOverrideCollectionPermissions`, `arInheritPermissionsFromAreaOnCID`) VALUES
(1, 1, 'Header Nav', 0, 0),
(2, 1, 'Header', 0, 0),
(3, 1, 'Sidebar', 0, 0),
(4, 1, 'Main', 0, 0),
(5, 2, 'Header Nav', 0, 0),
(6, 2, 'Header', 0, 0),
(7, 2, 'Sidebar', 0, 0),
(8, 2, 'Main', 0, 0),
(9, 64, 'Header Nav', 0, 0),
(10, 64, 'Header', 0, 0),
(11, 64, 'Sidebar', 0, 0),
(12, 64, 'Main', 0, 0),
(13, 65, 'Header Nav', 0, 0),
(14, 65, 'Header', 0, 0),
(15, 65, 'Main', 0, 0),
(50, 13, 'Main', 0, 0),
(58, 36, 'Global', 0, 0),
(110, 1, 'Blog Post Header', 0, 0),
(111, 1, 'Blog Post More', 0, 0),
(112, 1, 'Blog Post Footer', 0, 0),
(113, 8, 'Header Nav', 0, 0),
(114, 8, 'Header', 0, 0),
(115, 10, 'Header Nav', 0, 0),
(116, 10, 'Header', 0, 0),
(117, 11, 'Header Nav', 0, 0),
(118, 11, 'Header', 0, 0),
(133, 55, 'Header Nav', 0, 0),
(134, 55, 'Header', 0, 0),
(135, 1, 'Site Name', 0, 0),
(136, 1, 'Title', 0, 0),
(137, 1, 'Footer Links', 0, 0),
(138, 1, 'Site Name : Layout 1 : Cell 1', 0, 0),
(139, 1, 'Logo', 0, 0),
(140, 1, 'Slogan', 0, 0),
(141, 1, 'Feature', 0, 0),
(142, 1, 'Rightbar', 0, 0),
(143, 1, 'BoxLeft', 0, 0),
(144, 1, 'BoxMid', 0, 0),
(145, 1, 'BoxRight', 0, 0),
(146, 1, 'FooterLinks', 0, 0),
(147, 1, 'CopyRight', 0, 0),
(151, 1, 'Sidebar 2', 0, 0),
(168, 18, 'Main', 0, 0),
(170, 76, 'dashboard_notes', 0, 0),
(171, 1, 'Sidebar : Layout 1 : Cell 1', 0, 0),
(172, 1, 'Sidebar : Layout 1 : Cell 2', 0, 0),
(173, 1, 'Sidebar : Layout 1 : Cell 3', 0, 0),
(174, 63, 'dashboard_notes', 0, 0),
(175, 1, 'Main : Layout 1 : Cell 1', 0, 0),
(176, 1, 'Main : Layout 2 : Cell 1', 0, 0),
(177, 1, 'Main : Layout 2 : Cell 2', 0, 0),
(178, 1, 'Main : Layout 2 : Cell 3', 0, 0),
(179, 1, 'Main : Layout 3 : Cell 1', 0, 0),
(180, 1, 'Main : Layout 3 : Cell 2', 0, 0),
(181, 1, 'Main : Layout 3 : Cell 3', 0, 0),
(208, 1, 'Sidebar Title', 0, 0),
(209, 1, 'footer', 0, 0),
(214, 1, 'Main : Layout 1 : Cell 2', 0, 0),
(220, 1, 'Banner Img', 0, 0),
(227, 1, 'Main Content', 0, 0),
(228, 1, 'Main menu', 0, 0),
(229, 1, 'Left Content', 0, 0),
(230, 1, 'Sub menu', 0, 0),
(239, 1, 'Contact', 0, 0),
(246, 1, 'Search', 0, 0),
(315, 1, 'Main : Layout 1 : Cell 3', 0, 0),
(316, 1, 'Main : Layout 1 : Cell 4', 0, 0),
(317, 1, 'Main : Layout 1 : Cell 5', 0, 0),
(318, 1, 'Main : Layout 1 : Cell 6', 0, 0),
(319, 1, 'Main : Layout 1 : Cell 7', 0, 0),
(320, 1, 'Main : Layout 1 : Cell 8', 0, 0),
(321, 1, 'Main : Layout 1 : Cell 9', 0, 0),
(322, 1, 'Main : Layout 1 : Cell 10', 0, 0),
(323, 1, 'Main : Layout 1 : Cell 11', 0, 0),
(324, 1, 'Main : Layout 1 : Cell 12', 0, 0),
(325, 1, 'Main : Layout 1 : Cell 13', 0, 0),
(326, 1, 'Main : Layout 1 : Cell 14', 0, 0),
(327, 1, 'Main : Layout 1 : Cell 15', 0, 0),
(328, 1, 'Main : Layout 1 : Cell 16', 0, 0),
(347, 113, 'dashboard_notes', 0, 0),
(454, 65, 'Sidebar', 0, 0),
(531, 1, 'Banner', 0, 0),
(544, 1, 'Nav', 0, 0),
(551, 1, 'Block', 0, 0),
(562, 65, 'Logo', 0, 0),
(563, 65, 'Search', 0, 0),
(564, 65, 'Nav', 0, 0),
(565, 65, 'Banner', 0, 0),
(663, 1, 'Main : 版面 1 : Cell 1', 0, 0),
(664, 1, 'Main : 版面 2 : Cell 1', 0, 0),
(665, 1, 'Main : 版面 2 : Cell 2', 0, 0),
(666, 1, 'Main : 版面 2 : Cell 3', 0, 0),
(667, 1, 'Main : 版面 3 : Cell 1', 0, 0),
(668, 1, 'Main : 版面 3 : Cell 2', 0, 0),
(669, 1, 'Main : 版面 3 : Cell 3', 0, 0),
(670, 1, 'Main : 版面 4 : Cell 1', 0, 0),
(671, 1, 'Main : 版面 4 : Cell 2', 0, 0),
(672, 1, 'Main : 版面 4 : Cell 3', 0, 0),
(682, 1, '[ Banner ]', 0, 0),
(685, 1, '[ Block ]', 0, 0),
(689, 1, '[ Auto-Nav ]', 0, 0),
(742, 1, '[ 頁頭 ]', 0, 0),
(743, 1, '[ 橫額 ]', 0, 0),
(744, 1, '[ 標題 ]', 0, 0),
(745, 1, '[ 邊位區域 ]', 0, 0),
(746, 1, '[ 主要區域 ]', 0, 0),
(772, 1, '[ 頁首 ]', 0, 0),
(840, 1, '[ 頁頂 ]', 0, 0),
(864, 1, '[ 搜尋 ]', 0, 0),
(865, 1, 'Other1', 0, 0),
(866, 1, 'Other2', 0, 0),
(896, 1, '[ 頂部 ]', 0, 0),
(897, 1, 'tmpadd_Header', 0, 0),
(898, 1, '[ 底部 ]', 0, 0),
(1138, 1, '[ 路徑 ]', 0, 0),
(1236, 1, '[ 商標 ]', 0, 0),
(1323, 1, '[ 其他區域 2 ]', 0, 0),
(1424, 1, '[ 其他區域 1 ]', 0, 0),
(1439, 1, '[ 主選單列 ]', 0, 0),
(1576, 1, '[ 邊欄區域 ]', 0, 0),
(1655, 1, '[ 顶部 ]', 0, 0),
(1656, 1, '[ 其它区域 2 ]', 0, 0),
(1657, 1, '[ 其它区域 1 ]', 0, 0),
(1658, 1, '[ 主要区域 ]', 0, 0),
(1659, 1, '[ 边栏区域 ]', 0, 0),
(1667, 1, 'tmpadd_Top', 0, 0),
(1668, 1, 'tmpadd_Other2', 0, 0),
(1669, 1, 'tmpadd_Other1', 0, 0),
(1670, 1, 'tmpadd_Side', 0, 0),
(1671, 1, 'tmpadd_Main', 0, 0),
(1672, 1, 'tmpadd_Bottom', 0, 0),
(1673, 55, '[ 頂部 ]', 0, 0),
(1674, 55, '[ 底部 ]', 0, 0),
(1684, 1, '[ 主要區域 ] : 版面 1 : Cell 1', 0, 0),
(1685, 1, '[ 主要區域 ] : 版面 2 : Cell 1', 0, 0),
(1686, 1, '[ 主要區域 ] : 版面 2 : Cell 2', 0, 0),
(1687, 1, '[ 主要區域 ] : 版面 3 : Cell 1', 0, 0),
(1688, 1, '[ 主要區域 ] : 版面 3 : Cell 2', 0, 0),
(1706, 1, '[ 主要區域 ] : Layout 1 : Cell 1', 0, 0),
(1707, 1, '[ 主要區域 ] : Layout 2 : Cell 1', 0, 0),
(1708, 1, '[ 主要區域 ] : Layout 2 : Cell 2', 0, 0),
(1709, 1, '[ 主要區域 ] : Layout 3 : Cell 1', 0, 0),
(1710, 1, '[ 主要區域 ] : Layout 3 : Cell 2', 0, 0),
(1725, 1, '[ 次選單列 ]', 0, 0),
(1788, 268, 'Header Nav', 0, 0),
(1789, 268, 'Header', 0, 0),
(1790, 268, 'Sidebar', 0, 0),
(1791, 268, '[ 頂部 ]', 0, 0),
(1792, 268, '[ 其他區域 1 ]', 0, 0),
(1793, 268, '[ 邊欄區域 ]', 0, 0),
(1794, 268, '[ 主要區域 ]', 0, 0),
(1795, 268, '[ 底部 ]', 0, 0),
(1811, 268, '[ 其他區域 2 ]', 0, 0),
(1813, 270, 'Header Nav', 0, 0),
(1814, 270, 'Header', 0, 0),
(1815, 270, 'Sidebar', 0, 0),
(1819, 272, 'Header Nav', 0, 0),
(1820, 272, 'Header', 0, 0),
(1821, 272, 'Sidebar', 0, 0),
(1822, 270, '[ 頂部 ]', 0, 0),
(1823, 270, '[ 其他區域 1 ]', 0, 0),
(1824, 270, '[ 邊欄區域 ]', 0, 0),
(1825, 270, '[ 主要區域 ]', 0, 0),
(1826, 270, '[ 底部 ]', 0, 0),
(1832, 272, '[ 頂部 ]', 0, 0),
(1833, 272, '[ 其他區域 1 ]', 0, 0),
(1834, 272, '[ 邊欄區域 ]', 0, 0),
(1835, 272, '[ 主要區域 ]', 0, 0),
(1836, 272, '[ 底部 ]', 0, 0),
(1869, 277, 'Header Nav', 0, 0),
(1870, 277, 'Header', 0, 0),
(1871, 277, 'Sidebar', 0, 0),
(1872, 277, '[ 頂部 ]', 0, 0),
(1873, 277, '[ 其他區域 1 ]', 0, 0),
(1874, 277, '[ 邊欄區域 ]', 0, 0),
(1875, 277, '[ 主要區域 ]', 0, 0),
(1876, 277, '[ 底部 ]', 0, 0),
(1877, 278, 'Header Nav', 0, 0),
(1878, 278, 'Header', 0, 0),
(1879, 278, 'Sidebar', 0, 0),
(1883, 280, 'Header Nav', 0, 0),
(1884, 280, 'Header', 0, 0),
(1885, 280, 'Sidebar', 0, 0),
(1886, 281, 'Header Nav', 0, 0),
(1887, 281, 'Header', 0, 0),
(1888, 281, 'Sidebar', 0, 0),
(1889, 282, 'Header Nav', 0, 0),
(1890, 282, 'Header', 0, 0),
(1891, 282, 'Sidebar', 0, 0),
(1892, 283, 'Header Nav', 0, 0),
(1893, 283, 'Header', 0, 0),
(1894, 283, 'Sidebar', 0, 0),
(1895, 284, 'Header Nav', 0, 0),
(1896, 284, 'Header', 0, 0),
(1897, 284, 'Sidebar', 0, 0),
(1898, 284, '[ 頂部 ]', 0, 0),
(1899, 284, '[ 其他區域 1 ]', 0, 0),
(1900, 284, '[ 邊欄區域 ]', 0, 0),
(1901, 284, '[ 主要區域 ]', 0, 0),
(1902, 284, '[ 底部 ]', 0, 0),
(1903, 280, '[ 頂部 ]', 0, 0),
(1904, 280, '[ 其他區域 1 ]', 0, 0),
(1905, 280, '[ 邊欄區域 ]', 0, 0),
(1906, 280, '[ 主要區域 ]', 0, 0),
(1907, 280, '[ 底部 ]', 0, 0),
(1908, 281, '[ 頂部 ]', 0, 0),
(1909, 281, '[ 其他區域 1 ]', 0, 0),
(1910, 281, '[ 邊欄區域 ]', 0, 0),
(1911, 281, '[ 主要區域 ]', 0, 0),
(1912, 281, '[ 底部 ]', 0, 0),
(1913, 282, '[ 頂部 ]', 0, 0),
(1914, 282, '[ 其他區域 1 ]', 0, 0),
(1915, 282, '[ 邊欄區域 ]', 0, 0),
(1916, 282, '[ 主要區域 ]', 0, 0),
(1917, 282, '[ 底部 ]', 0, 0),
(1918, 278, '[ 頂部 ]', 0, 0),
(1919, 278, '[ 其他區域 1 ]', 0, 0),
(1920, 278, '[ 邊欄區域 ]', 0, 0),
(1921, 278, '[ 主要區域 ]', 0, 0),
(1922, 278, '[ 底部 ]', 0, 0),
(1923, 283, '[ 頂部 ]', 0, 0),
(1924, 283, '[ 其他區域 1 ]', 0, 0),
(1925, 283, '[ 邊欄區域 ]', 0, 0),
(1926, 283, '[ 主要區域 ]', 0, 0),
(1927, 283, '[ 底部 ]', 0, 0),
(1928, 285, 'Header Nav', 0, 0),
(1929, 285, 'Header', 0, 0),
(1930, 285, 'Sidebar', 0, 0),
(1931, 285, '[ 頂部 ]', 0, 0),
(1932, 285, '[ 其他區域 1 ]', 0, 0),
(1933, 285, '[ 邊欄區域 ]', 0, 0),
(1934, 285, '[ 主要區域 ]', 0, 0),
(1935, 285, '[ 底部 ]', 0, 0),
(1944, 55, '[ 邊欄區域 ]', 0, 0),
(1945, 55, '[ 主要區域 ]', 0, 0),
(1946, 287, 'Header Nav', 0, 0),
(1947, 287, 'Header', 0, 0),
(1948, 287, 'Sidebar', 0, 0),
(1949, 288, 'Header Nav', 0, 0),
(1950, 288, 'Header', 0, 0),
(1951, 288, 'Sidebar', 0, 0),
(1952, 289, 'Header Nav', 0, 0),
(1953, 289, 'Header', 0, 0),
(1954, 289, 'Sidebar', 0, 0),
(1955, 287, '[ 頂部 ]', 0, 0),
(1956, 287, '[ 其他區域 1 ]', 0, 0),
(1957, 287, '[ 邊欄區域 ]', 0, 0),
(1958, 287, '[ 主要區域 ]', 0, 0),
(1959, 287, '[ 底部 ]', 0, 0),
(1960, 288, '[ 頂部 ]', 0, 0),
(1961, 288, '[ 其他區域 1 ]', 0, 0),
(1962, 288, '[ 邊欄區域 ]', 0, 0),
(1963, 288, '[ 主要區域 ]', 0, 0),
(1964, 288, '[ 底部 ]', 0, 0),
(1965, 268, '[ 搜尋 ]', 0, 0),
(1966, 268, '[ 主選單列 ]', 0, 0),
(1967, 289, '[ 頂部 ]', 0, 0),
(1968, 289, '[ 其他區域 1 ]', 0, 0),
(1969, 289, '[ 邊欄區域 ]', 0, 0),
(1970, 289, '[ 主要區域 ]', 0, 0),
(1971, 289, '[ 底部 ]', 0, 0),
(1972, 290, 'Header Nav', 0, 0),
(1973, 290, 'Header', 0, 0),
(1974, 290, 'Sidebar', 0, 0),
(1975, 291, 'Header Nav', 0, 0),
(1976, 291, 'Header', 0, 0),
(1977, 291, 'Sidebar', 0, 0),
(1978, 290, '[ 頂部 ]', 0, 0),
(1979, 290, '[ 其他區域 1 ]', 0, 0),
(1980, 290, '[ 邊欄區域 ]', 0, 0),
(1981, 290, '[ 主要區域 ]', 0, 0),
(1982, 290, '[ 底部 ]', 0, 0),
(1983, 291, '[ 頂部 ]', 0, 0),
(1984, 291, '[ 其他區域 1 ]', 0, 0),
(1985, 291, '[ 邊欄區域 ]', 0, 0),
(1986, 291, '[ 主要區域 ]', 0, 0),
(1987, 291, '[ 底部 ]', 0, 0),
(1988, 292, 'Header Nav', 0, 0),
(1989, 292, 'Header', 0, 0),
(1990, 292, 'Sidebar', 0, 0),
(1991, 292, '[ 頂部 ]', 0, 0),
(1992, 292, '[ 其他區域 1 ]', 0, 0),
(1993, 292, '[ 邊欄區域 ]', 0, 0),
(1994, 292, '[ 主要區域 ]', 0, 0),
(1995, 292, '[ 底部 ]', 0, 0),
(1996, 293, 'Header Nav', 0, 0),
(1997, 293, 'Header', 0, 0),
(1998, 293, 'Sidebar', 0, 0),
(1999, 294, 'Header Nav', 0, 0),
(2000, 294, 'Header', 0, 0),
(2001, 294, 'Sidebar', 0, 0),
(2002, 295, 'Header Nav', 0, 0),
(2003, 295, 'Header', 0, 0),
(2004, 295, 'Sidebar', 0, 0),
(2005, 296, 'Header Nav', 0, 0),
(2006, 296, 'Header', 0, 0),
(2007, 296, 'Sidebar', 0, 0),
(2008, 297, 'Header Nav', 0, 0),
(2009, 297, 'Header', 0, 0),
(2010, 297, 'Sidebar', 0, 0),
(2011, 293, '[ 頂部 ]', 0, 0),
(2012, 293, '[ 其他區域 1 ]', 0, 0),
(2013, 293, '[ 邊欄區域 ]', 0, 0),
(2014, 293, '[ 主要區域 ]', 0, 0),
(2015, 293, '[ 底部 ]', 0, 0),
(2016, 294, '[ 頂部 ]', 0, 0),
(2017, 294, '[ 其他區域 1 ]', 0, 0),
(2018, 294, '[ 邊欄區域 ]', 0, 0),
(2019, 294, '[ 主要區域 ]', 0, 0),
(2020, 294, '[ 底部 ]', 0, 0),
(2021, 295, '[ 頂部 ]', 0, 0),
(2022, 295, '[ 其他區域 1 ]', 0, 0),
(2023, 295, '[ 邊欄區域 ]', 0, 0),
(2024, 295, '[ 主要區域 ]', 0, 0),
(2025, 295, '[ 底部 ]', 0, 0),
(2026, 296, '[ 頂部 ]', 0, 0),
(2027, 296, '[ 其他區域 1 ]', 0, 0),
(2028, 296, '[ 邊欄區域 ]', 0, 0),
(2029, 296, '[ 主要區域 ]', 0, 0),
(2030, 296, '[ 底部 ]', 0, 0),
(2031, 298, 'Header Nav', 0, 0),
(2032, 298, 'Header', 0, 0),
(2033, 298, 'Sidebar', 0, 0),
(2034, 299, 'Header Nav', 0, 0),
(2035, 299, 'Header', 0, 0),
(2036, 299, 'Sidebar', 0, 0),
(2037, 300, 'Header Nav', 0, 0),
(2038, 300, 'Header', 0, 0),
(2039, 300, 'Sidebar', 0, 0),
(2040, 301, 'Header Nav', 0, 0),
(2041, 301, 'Header', 0, 0),
(2042, 301, 'Sidebar', 0, 0),
(2043, 302, 'Header Nav', 0, 0),
(2044, 302, 'Header', 0, 0),
(2045, 302, 'Sidebar', 0, 0),
(2046, 303, 'Header Nav', 0, 0),
(2047, 303, 'Header', 0, 0),
(2048, 303, 'Sidebar', 0, 0),
(2049, 304, 'Header Nav', 0, 0),
(2050, 304, 'Header', 0, 0),
(2051, 304, 'Sidebar', 0, 0),
(2052, 305, 'Header Nav', 0, 0),
(2053, 305, 'Header', 0, 0),
(2054, 305, 'Sidebar', 0, 0),
(2055, 306, 'Header Nav', 0, 0),
(2056, 306, 'Header', 0, 0),
(2057, 306, 'Sidebar', 0, 0),
(2058, 307, 'Header Nav', 0, 0),
(2059, 307, 'Header', 0, 0),
(2060, 307, 'Sidebar', 0, 0),
(2061, 308, 'Header Nav', 0, 0),
(2062, 308, 'Header', 0, 0),
(2063, 308, 'Sidebar', 0, 0),
(2064, 309, 'Header Nav', 0, 0),
(2065, 309, 'Header', 0, 0),
(2066, 309, 'Sidebar', 0, 0),
(2067, 309, '[ 頂部 ]', 0, 0),
(2068, 309, '[ 其他區域 1 ]', 0, 0),
(2069, 309, '[ 邊欄區域 ]', 0, 0),
(2070, 309, '[ 主要區域 ]', 0, 0),
(2071, 309, '[ 底部 ]', 0, 0),
(2083, 297, '[ 頂部 ]', 0, 0),
(2084, 297, '[ 其他區域 1 ]', 0, 0),
(2085, 297, '[ 邊欄區域 ]', 0, 0),
(2086, 297, '[ 主要區域 ]', 0, 0),
(2087, 297, '[ 底部 ]', 0, 0),
(2088, 298, '[ 頂部 ]', 0, 0),
(2089, 298, '[ 其他區域 1 ]', 0, 0),
(2090, 298, '[ 邊欄區域 ]', 0, 0),
(2091, 298, '[ 主要區域 ]', 0, 0),
(2092, 298, '[ 底部 ]', 0, 0),
(2093, 5, 'Main', 0, 0),
(2094, 302, '[ 頂部 ]', 0, 0),
(2095, 302, '[ 其他區域 1 ]', 0, 0),
(2096, 302, '[ 邊欄區域 ]', 0, 0),
(2097, 302, '[ 主要區域 ]', 0, 0),
(2098, 302, '[ 底部 ]', 0, 0),
(2127, 284, '[ 橫額 ]', 0, 0),
(2128, 284, '[ 其他區域 2 ]', 0, 0),
(2129, 272, '[ 橫額 ]', 0, 0),
(2130, 272, '[ 其他區域 2 ]', 0, 0),
(2131, 281, '[ 橫額 ]', 0, 0),
(2132, 281, '[ 其他區域 2 ]', 0, 0),
(2133, 278, '[ 橫額 ]', 0, 0),
(2134, 278, '[ 其他區域 2 ]', 0, 0),
(2135, 309, '[ 橫額 ]', 0, 0),
(2136, 309, '[ 其他區域 2 ]', 0, 0),
(2137, 288, '[ 橫額 ]', 0, 0),
(2138, 288, '[ 其他區域 2 ]', 0, 0),
(2139, 292, '[ 橫額 ]', 0, 0),
(2140, 292, '[ 其他區域 2 ]', 0, 0),
(2141, 280, '[ 橫額 ]', 0, 0),
(2142, 280, '[ 其他區域 2 ]', 0, 0),
(2143, 277, '[ 橫額 ]', 0, 0),
(2144, 277, '[ 其他區域 2 ]', 0, 0),
(2145, 283, '[ 橫額 ]', 0, 0),
(2146, 283, '[ 其他區域 2 ]', 0, 0),
(2147, 282, '[ 橫額 ]', 0, 0),
(2148, 282, '[ 其他區域 2 ]', 0, 0),
(2149, 285, '[ 橫額 ]', 0, 0),
(2150, 285, '[ 其他區域 2 ]', 0, 0),
(2151, 287, '[ 橫額 ]', 0, 0),
(2152, 287, '[ 其他區域 2 ]', 0, 0),
(2153, 290, '[ 橫額 ]', 0, 0),
(2154, 290, '[ 其他區域 2 ]', 0, 0),
(2155, 291, '[ 橫額 ]', 0, 0),
(2156, 291, '[ 其他區域 2 ]', 0, 0),
(2157, 289, '[ 橫額 ]', 0, 0),
(2158, 270, '[ 其他區域 2 ]', 0, 0),
(2159, 293, '[ 其他區域 2 ]', 0, 0),
(2160, 299, '[ 頂部 ]', 0, 0),
(2161, 299, '[ 其他區域 1 ]', 0, 0),
(2162, 299, '[ 其他區域 2 ]', 0, 0),
(2163, 299, '[ 邊欄區域 ]', 0, 0),
(2164, 299, '[ 主要區域 ]', 0, 0),
(2165, 299, '[ 底部 ]', 0, 0),
(2170, 294, '[ 其他區域 2 ]', 0, 0),
(2171, 295, '[ 其他區域 2 ]', 0, 0),
(2172, 296, '[ 其他區域 2 ]', 0, 0),
(2173, 268, '[ 橫額 ]', 0, 0),
(2174, 55, '[ 其他區域 1 ]', 0, 0),
(2175, 55, '[ 搜尋 ]', 0, 0),
(2187, 68, '[ 次選單列 ]', 0, 0),
(2186, 68, '[ 搜尋 ]', 0, 0),
(2185, 68, '[ 橫額 ]', 0, 0),
(2184, 68, '[ 主選單列 ]', 0, 0),
(2183, 68, '[ 其他區域 1 ]', 0, 0),
(2182, 68, '[ 頂部 ]', 0, 0),
(2188, 68, '[ 邊欄區域 ]', 0, 0),
(2189, 68, '[ 標題 ]', 0, 0),
(2190, 68, '[ 主要區域 ]', 0, 0),
(2191, 68, '[ 其他區域 2 ]', 0, 0),
(2192, 68, '[ 底部 ]', 0, 0);



INSERT INTO `atBoolean` (`avID`, `value`) VALUES
(14, 0),
(18, 1),
(23, 0),
(27, 0),
(31, 0),
(35, 0),
(39, 0),
(44, 0),
(46, 1);
INSERT INTO `atDefault` (`avID`, `value`) VALUES
(11, ''),
(12, ''),
(13, ''),
(15, ''),
(16, ''),
(17, ''),
(20, ''),
(21, ''),
(22, ''),
(24, ''),
(25, ''),
(26, ''),
(28, ''),
(29, ''),
(30, ''),
(32, ''),
(33, ''),
(34, ''),
(36, ''),
(37, ''),
(38, ''),
(41, ''),
(42, ''),
(43, '');


INSERT INTO `atNumber` (`avID`, `value`) VALUES
(1, 800.0000),
(2, 192.0000),
(3, 800.0000),
(4, 192.0000),
(5, 800.0000),
(6, 192.0000),
(7, 800.0000),
(8, 215.0000),
(9, 800.0000),
(10, 192.0000),
(47, 950.0000),
(48, 218.0000);
INSERT INTO `atSelectOptions` (`ID`, `akID`, `value`, `displayOrder`, `isEndUserAdded`) VALUES
(1, 11, 'sample', 0, 1),
(2, 11, 'Hello World', 1, 1);
INSERT INTO `atSelectOptionsSelected` (`avID`, `atSelectOptionID`) VALUES
(40, 1),
(40, 2),
(45, 1);
INSERT INTO `atSelectSettings` (`akID`, `akSelectAllowMultipleValues`, `akSelectOptionDisplayOrder`, `akSelectAllowOtherValues`) VALUES
(11, 1, 'display_asc', 1);


INSERT INTO `AttributeKeyCategories` (`akCategoryID`, `akCategoryHandle`, `akCategoryAllowSets`, `pkgID`) VALUES
(1, 'collection', 0, NULL),
(2, 'user', 0, NULL),
(3, 'file', 0, NULL);

INSERT INTO `AttributeKeys` (`akID`, `akHandle`, `akName`, `akIsSearchable`, `akIsSearchableIndexed`, `akIsAutoCreated`, `akIsColumnHeader`, `akIsEditable`, `atID`, `akCategoryID`, `pkgID`) VALUES
(1, 'meta_title', 'Meta Title', 1, 0, 0, 0, 1, 1, 1, 0),
(2, 'meta_description', 'Meta Description', 1, 0, 0, 0, 1, 2, 1, 0),
(3, 'meta_keywords', 'Meta Keywords', 1, 0, 0, 0, 1, 2, 1, 0),
(4, 'exclude_nav', 'Exclude From Menu Bar', 1, 0, 0, 0, 1, 3, 1, 0),
(5, 'exclude_page_list', 'Exclude From Page List', 1, 0, 0, 0, 1, 3, 1, 0),
(6, 'header_extra_content', 'Header Extra Content', 1, 0, 0, 0, 1, 2, 1, 0),
(7, 'exclude_search_index', 'Exclude From Search Index', 1, 0, 0, 0, 1, 3, 1, 0),
(8, 'exclude_sitemapxml', 'Exclude From sitemap.xml', 1, 0, 0, 0, 1, 3, 1, 0),
(9, 'width', 'Width', 1, 0, 1, 0, 0, 6, 3, 0),
(10, 'height', 'Height', 1, 0, 1, 0, 0, 6, 3, 0),
(11, 'tags', 'Tags', 0, 0, 0, 0, 1, 8, 1, 0);

INSERT INTO `AttributeTypeCategories` (`atID`, `akCategoryID`) VALUES
(1, 1),
(1, 2),
(1, 3),
(2, 1),
(2, 2),
(2, 3),
(3, 1),
(3, 2),
(3, 3),
(4, 1),
(4, 2),
(4, 3),
(5, 1),
(6, 1),
(6, 2),
(6, 3),
(7, 1),
(7, 3),
(8, 1),
(8, 2),
(8, 3),
(9, 2);

INSERT INTO `AttributeTypes` (`atID`, `atHandle`, `atName`, `pkgID`) VALUES
(1, 'text', 'Text', 0),
(2, 'textarea', 'Text Area', 0),
(3, 'boolean', 'Checkbox', 0),
(4, 'date_time', 'Date/Time', 0),
(5, 'image_file', 'Image/File', 0),
(6, 'number', 'Number', 0),
(7, 'rating', 'Rating', 0),
(8, 'select', 'Select', 0),
(9, 'address', 'Address', 0);

INSERT INTO `AttributeValues` (`avID`, `akID`, `avDateAdded`, `uID`, `atID`) VALUES
(1, 9, NOW(), 1, 6),
(2, 10, NOW(), 1, 6),
(3, 9, NOW(), 1, 6),
(4, 10, NOW(), 1, 6),
(5, 9, NOW(), 1, 6),
(6, 10, NOW(), 1, 6),
(7, 9, NOW(), 1, 6),
(8, 10, NOW(), 1, 6),
(9, 9, NOW(), 1, 6),
(10, 10, NOW(), 1, 6),
(11, 1, NOW(), 1, 1),
(12, 2, NOW(), 1, 2),
(13, 3, NOW(), 1, 2),
(14, 4, NOW(), 1, 3),
(15, 1, NOW(), 1, 1),
(16, 2, NOW(), 1, 2),
(17, 3, NOW(), 1, 2),
(18, 4, NOW(), 1, 3),
(19, 11, NOW(), 1, 8),
(20, 1, NOW(), 1, 1),
(21, 2, NOW(), 1, 2),
(22, 3, NOW(), 1, 2),
(23, 4, NOW(), 1, 3),
(24, 1, NOW(), 1, 1),
(25, 2, NOW(), 1, 2),
(26, 3, NOW(), 1, 2),
(27, 4, NOW(), 1, 3),
(28, 1, NOW(), 1, 1),
(29, 2, NOW(), 1, 2),
(30, 3, NOW(), 1, 2),
(31, 4, NOW(), 1, 3),
(32, 1, NOW(), 1, 1),
(33, 2, NOW(), 1, 2),
(34, 3, NOW(), 1, 2),
(35, 4, NOW(), 1, 3),
(36, 1, NOW(), 1, 1),
(37, 2, NOW(), 1, 2),
(38, 3, NOW(), 1, 2),
(39, 4, NOW(), 1, 3),
(40, 11, NOW(), 1, 8),
(41, 1, NOW(), 1, 1),
(42, 2, NOW(), 1, 2),
(43, 3, NOW(), 1, 2),
(44, 4, NOW(), 1, 3),
(45, 11, NOW(), 1, 8),
(46, 4, NOW(), 1, 3),
(47, 9, NOW(), 2, 6),
(48, 10, NOW(), 2, 6);

INSERT INTO `BlockRelations` (`brID`, `bID`, `originalBID`, `relationType`) VALUES
(1, 31, 15, 'DUPLICATE'),
(2, 32, 16, 'DUPLICATE'),
(3, 33, 23, 'DUPLICATE'),
(4, 34, 31, 'DUPLICATE'),
(5, 35, 32, 'DUPLICATE'),
(6, 36, 15, 'DUPLICATE'),
(7, 39, 23, 'DUPLICATE');

INSERT INTO `Blocks` (`bID`, `bName`, `bDateAdded`, `bDateModified`, `bFilename`, `bIsActive`, `btID`, `uID`) VALUES
(1, 'Banner_default', NOW(), NOW(), NULL, '1', 8, 2),
(2, 'Logo_default', NOW(), NOW(), NULL, '1', 1, 2),
(3, NULL, NOW(), NOW(), NULL, '1', 1, 2),
(4, NULL, NOW(), NOW(), NULL, '1', 8, 2),
(5, NULL, NOW(), NOW(), NULL, '1', 13, 2),
(6, NULL, NOW(), NOW(), NULL, '1', 12, 1),
(7, NULL, NOW(), NOW(), NULL, '1', 12, 1),
(8, NULL, NOW(), NOW(), NULL, '1', 3, 1),
(9, NULL, NOW(), NOW(), NULL, '1', 12, 1);

INSERT INTO `BlockTypes` (`btID`, `btHandle`, `btName`, `btDescription`, `btActiveWhenAdded`, `btCopyWhenPropagate`, `btIncludeAll`, `btIsInternal`, `btInterfaceWidth`, `btInterfaceHeight`, `pkgID`) VALUES
(1, 'content', 'Content', 'HTML/WYSIWYG Editor Content.', 1, 0, 0, 0, 600, 465, 0),
(2, 'html', 'HTML', 'For adding HTML by hand.', 1, 0, 0, 0, 600, 465, 0),
(3, 'autonav', 'Auto-Nav', 'Creates navigation trees and sitemaps.', 1, 0, 0, 0, 500, 350, 0),
(4, 'external_form', 'External Form', 'Include external forms in the filesystem and place them on pages.', 1, 0, 0, 0, 300, 200, 0),
(5, 'form', 'Form', 'Build simple forms and surveys.', 1, 0, 0, 0, 420, 430, 0),
(6, 'page_list', 'Page List', 'List pages based on type, area.', 1, 0, 0, 0, 500, 350, 0),
(7, 'file', 'File', 'Link to files stored in the asset library.', 1, 0, 0, 0, 300, 250, 0),
(8, 'image', 'Image', 'Adds images and onstates from the library to pages.', 1, 0, 0, 0, 300, 440, 0),
(9, 'flash_content', 'Flash Content', 'Embeds SWF files, including flash detection.', 1, 0, 0, 0, 300, 240, 0),
(10, 'guestbook', 'Guestbook', 'Adds blog-style comments (a guestbook) to your page.', 1, 0, 1, 0, 300, 260, 0),
(11, 'slideshow', 'Slideshow', 'Display a running loop of images.', 1, 0, 0, 0, 550, 400, 0),
(12, 'search', 'Search', 'Add a search box to your site.', 1, 0, 0, 0, 400, 170, 0),
(13, 'google_map', 'Google Map', 'Enter an address and a Google Map of that location will be placed in your page.', 1, 0, 0, 0, 400, 220, 0),
(14, 'video', 'Video Player', 'Embeds uploaded video into a web page. Supports AVI, WMV, Quicktime/MPEG4 and FLV formats.', 1, 0, 0, 0, 300, 200, 0),
(15, 'rss_displayer', 'RSS Displayer', 'Fetch, parse and display the contents of an RSS or Atom feed.', 1, 0, 0, 0, 400, 170, 0),
(16, 'youtube', 'Youtube Video', 'Embeds a Youtube Video in your web page.', 1, 0, 0, 0, 400, 170, 0),
(17, 'survey', 'Survey', 'Provide a simple survey, along with results in a pie chart format.', 1, 0, 1, 0, 420, 300, 0),
(18, 'date_nav', 'Date Navigation', 'A collapsible date based navigation tree', 1, 0, 0, 0, 500, 350, 0),
(19, 'next_previous', 'Next & Previous Nav', 'Navigate through sibling pages.', 1, 0, 0, 0, 430, 300, 0),
(20, 'tags', 'Tags', 'List pages based on type, area.', 1, 0, 0, 0, 500, 350, 0),
(21, 'sortable_fancybox_gallery', 'Sortable Fancybox Gallery', 'Displays images in a fileset (with an optional lightbox), and allows you to change their display order via drag-and-drop.', 1, 0, 0, 0, 800, 480, 1),
(22, 'swp_breadcrumbs', 'Breadcrumbs', 'Add breadcrumbs to your website<br />By <a href="http://www.smartwebprojects.net/">www.smartwebprojects.net</a>', 1, 0, 0, 0, 400, 80, 2),
(23, 'youku', 'Youku Video', 'Embeds a Youku Video in your web page.', 1, 0, 0, 0, 400, 170, 3);

INSERT INTO `btContentImage` (`bID`, `fID`, `fOnstateID`, `maxWidth`, `maxHeight`, `externalLink`, `altText`) VALUES
(1, 1, 0, 0, 0, 'http://', NULL),
(4, 2, 0, 0, 0, 'http://', NULL);

INSERT INTO `btContentLocal` (`bID`, `content`) VALUES
(2, 'CLINKCMS'),
(3, '<h3>歡迎使用 CLINK網站內容管理系統</h3><br />智慧化的管理平台，能逹到&ldquo;所見即所得&rdquo;的效果。<br />登入平台 及 點擊&ldquo;修改網頁&rdquo;，進入編輯狀態後，用滑鼠點擊想修改的內容作即時修改。<br />配合拖拽功能，可隨意改變圖片及文字的顯示位置。懂打字及使用滑鼠便能自主您的網站內容。');





INSERT INTO `btGoogleMap` (`bID`, `title`, `location`, `latitude`, `longitude`, `zoom`) VALUES
(5, '', '1 Tai Yau St.,San Po Kong', 22.338766, 114.199495, 14);



INSERT INTO `btNavigation` (`bID`, `orderBy`, `displayPages`, `displayPagesCID`, `displayPagesIncludeSelf`, `displaySubPages`, `displaySubPageLevels`, `displaySubPageLevelsNum`, `displayUnavailablePages`) VALUES
(8, 'display_asc', 'top', 0, 0, 'none', 'all', 0, 0);



INSERT INTO `btSearch` (`bID`, `title`, `buttonText`, `baseSearchPath`, `resultsURL`) VALUES
(6, 'Search Results', 'Search', '', ''),
(7, '', '', '', 'searchresult'),
(9, '', '', '', 'searchresult');


INSERT INTO `CollectionAttributeValues` (`cID`, `cvID`, `akID`, `avID`) VALUES
(66, 1, 11, 19),
(67, 2, 1, 11),
(67, 2, 2, 12),
(67, 2, 3, 13),
(67, 2, 4, 14),
(67, 3, 1, 11),
(67, 3, 2, 12),
(67, 3, 3, 13),
(67, 3, 4, 14),
(68, 2, 4, 46),
(68, 3, 4, 46),
(68, 4, 4, 46),
(68, 5, 4, 46),
(69, 2, 1, 20),
(69, 2, 2, 21),
(69, 2, 3, 22),
(69, 2, 4, 23),
(69, 3, 1, 20),
(69, 3, 2, 21),
(69, 3, 3, 22),
(69, 3, 4, 23),
(70, 2, 1, 24),
(70, 2, 2, 25),
(70, 2, 3, 26),
(70, 2, 4, 27),
(70, 3, 1, 28),
(70, 3, 2, 29),
(70, 3, 3, 30),
(70, 3, 4, 31),
(71, 2, 1, 32),
(71, 2, 2, 33),
(71, 2, 3, 34),
(71, 2, 4, 35),
(72, 2, 1, 36),
(72, 2, 2, 37),
(72, 2, 3, 38),
(72, 2, 4, 39),
(72, 2, 11, 40),
(72, 3, 1, 36),
(72, 3, 2, 37),
(72, 3, 3, 38),
(72, 3, 4, 39),
(72, 3, 11, 40),
(72, 4, 1, 36),
(72, 4, 2, 37),
(72, 4, 3, 38),
(72, 4, 4, 39),
(72, 4, 11, 40),
(73, 2, 1, 41),
(73, 2, 2, 42),
(73, 2, 3, 43),
(73, 2, 4, 44),
(73, 3, 1, 41),
(73, 3, 2, 42),
(73, 3, 3, 43),
(73, 3, 4, 44),
(73, 3, 11, 45),
(73, 4, 1, 41),
(73, 4, 2, 42),
(73, 4, 3, 43),
(73, 4, 4, 44),
(73, 4, 11, 45);

INSERT INTO `Collections` (`cID`, `cDateAdded`, `cDateModified`, `cHandle`) VALUES
(1, NOW(), NOW(), 'home'),
(2, NOW(), NOW(), NULL),
(5, NOW(), NOW(), 'login'),
(6, NOW(), NOW(), 'register'),
(7, NOW(), NOW(), 'profile'),
(8, NOW(), NOW(), 'edit'),
(10, NOW(), NOW(), 'avatar'),
(11, NOW(), NOW(), 'messages'),
(12, NOW(), NOW(), 'friends'),
(13, NOW(), NOW(), 'page_not_found'),
(14, NOW(), NOW(), 'page_forbidden'),
(15, NOW(), NOW(), 'dashboard'),
(16, NOW(), NOW(), 'sitemap'),
(17, NOW(), NOW(), 'full'),
(18, NOW(), NOW(), 'explore'),
(19, NOW(), NOW(), 'search'),
(20, NOW(), NOW(), 'access'),
(21, NOW(), NOW(), 'files'),
(22, NOW(), NOW(), 'search'),
(23, NOW(), NOW(), 'attributes'),
(24, NOW(), NOW(), 'sets'),
(25, NOW(), NOW(), 'access'),
(26, NOW(), NOW(), 'reports'),
(27, NOW(), NOW(), 'forms'),
(28, NOW(), NOW(), 'surveys'),
(29, NOW(), NOW(), 'logs'),
(30, NOW(), NOW(), 'users'),
(31, NOW(), NOW(), 'search'),
(32, NOW(), NOW(), 'add'),
(33, NOW(), NOW(), 'groups'),
(34, NOW(), NOW(), 'attributes'),
(35, NOW(), NOW(), 'registration'),
(36, NOW(), NOW(), 'scrapbook'),
(37, NOW(), NOW(), 'pages'),
(38, NOW(), NOW(), 'themes'),
(39, NOW(), NOW(), 'add'),
(40, NOW(), NOW(), 'inspect'),
(41, NOW(), NOW(), 'customize'),
(43, NOW(), NOW(), 'types'),
(44, NOW(), NOW(), 'attributes'),
(45, NOW(), NOW(), 'single'),
(46, NOW(), NOW(), 'install'),
(47, NOW(), NOW(), 'system'),
(48, NOW(), NOW(), 'jobs'),
(49, NOW(), NOW(), 'backup'),
(50, NOW(), NOW(), 'update'),
(51, NOW(), NOW(), 'notifications'),
(52, NOW(), NOW(), 'settings'),
(53, NOW(), NOW(), 'mail'),
(54, NOW(), NOW(), 'marketplace'),
(55, NOW(), NOW(), 'download_file'),
(63, NOW(), NOW(), 'uID=1'),
(64, NOW(), NOW(), NULL),
(65, NOW(), NOW(), NULL),
(66, NOW(), NOW(), NULL),
(67, NOW(), NOW(), 'search'),
(68, NOW(), NOW(), 'searchresult'),
(69, NOW(), NOW(), 'about'),
(70, NOW(), NOW(), 'guest-book'),
(71, NOW(), NOW(), 'blog'),
(72, NOW(), NOW(), 'my-first-blog-post'),
(73, NOW(), NOW(), 'adding-a-new-post'),
(74, NOW(), NOW(), 'members'),
(75, NOW(), NOW(), 'uID=2');

INSERT INTO `CollectionSearchIndexAttributes` (`cID`, `ak_meta_title`, `ak_meta_description`, `ak_meta_keywords`, `ak_exclude_nav`, `ak_exclude_page_list`, `ak_header_extra_content`, `ak_exclude_search_index`, `ak_exclude_sitemapxml`, `ak_tags`) VALUES
(2, NULL, NULL, NULL, 0, 0, NULL, 0, 0, NULL),
(1, NULL, NULL, NULL, 0, 0, NULL, 0, 0, NULL),
(36, NULL, NULL, NULL, 0, 0, NULL, 0, 0, NULL),
(67, '', '', '', 0, 0, NULL, 0, 0, NULL),
(68, NULL, NULL, NULL, 1, 0, NULL, 0, 0, NULL);



INSERT INTO `CollectionVersionBlocks` (`cID`, `cvID`, `bID`, `arHandle`, `cbDisplayOrder`, `isOriginal`, `cbOverrideAreaPermissions`, `cbIncludeAll`) VALUES
(36, 2, 1, 'Global', 0, '1', 0, 0),
(36, 3, 1, 'Global', 0, '0', 0, 0),
(36, 3, 2, 'Global', 1, '1', 0, 0),
(1, 3, 3, '[ 主要區域 ]', 0, '1', 0, 0),
(1, 4, 3, '[ 主要區域 ]', 0, '0', 0, 0),
(1, 4, 4, '[ 邊欄區域 ]', 0, '1', 0, 0),
(1, 5, 3, '[ 主要區域 ]', 0, '0', 0, 0),
(1, 5, 4, '[ 邊欄區域 ]', 0, '0', 0, 0),
(1, 5, 5, '[ 其他區域 2 ]', 0, '1', 0, 0),
(68, 3, 8, '[ 主選單列 ]', 0, '1', 0, 0),
(68, 4, 8, '[ 主選單列 ]', 0, '0', 0, 0),
(68, 4, 9, '[ 主要區域 ]', 0, '1', 0, 0),
(68, 5, 8, '[ 主選單列 ]', 0, '0', 0, 0),
(68, 5, 9, '[ 主要區域 ]', 0, '0', 0, 0),
(1, 6, 3, '[ 主要區域 ]', 0, '0', 0, 0),
(1, 6, 5, '[ 其他區域 2 ]', 0, '0', 0, 0);

INSERT INTO `CollectionVersionBlockStyles` (`cID`, `cvID`, `bID`, `arHandle`, `csrID`) VALUES
(36, 3, 1, 'Global', 0),
(1, 4, 3, '[ 主要區域 ]', 0),
(1, 5, 3, '[ 主要區域 ]', 0),
(1, 5, 4, '[ 邊欄區域 ]', 0),
(68, 4, 8, '[ 主選單列 ]', 0),
(68, 5, 8, '[ 主選單列 ]', 0),
(68, 5, 9, '[ 主要區域 ]', 0),
(1, 6, 3, '[ 主要區域 ]', 0),
(1, 6, 5, '[ 其他區域 2 ]', 0);

INSERT INTO `CollectionVersions` (`cID`, `cvID`, `cvName`, `cvHandle`, `cvDescription`, `cvDatePublic`, `cvDateCreated`, `cvComments`, `cvIsApproved`, `cvIsNew`, `cvAuthorUID`, `cvApproverUID`, `cvActivateDatetime`) VALUES
(2, 1, NULL, NULL, NULL, NOW(), NOW(), 'Initial Version', 1, 0, 1, NULL, NULL),
(1, 2, 'Home', 'home', NULL, NOW(), NOW(), 'Version 2', 0, 0, 1, 1, NULL),
(5, 1, 'Login', 'login', NULL, NOW(), NOW(), 'Initial Version', 1, 0, 1, NULL, NULL),
(6, 1, 'Register', 'register', NULL, NOW(), NOW(), 'Initial Version', 1, 0, 1, NULL, NULL),
(7, 1, 'Profile', 'profile', NULL, NOW(), NOW(), 'Initial Version', 1, 0, 1, NULL, NULL),
(8, 1, 'Edit', 'edit', NULL, NOW(), NOW(), 'Initial Version', 1, 0, 1, NULL, NULL),
(10, 1, 'Avatar', 'avatar', NULL, NOW(), NOW(), 'Initial Version', 1, 0, 1, NULL, NULL),
(11, 1, 'Messages', 'messages', NULL, NOW(), NOW(), 'Initial Version', 1, 0, 1, NULL, NULL),
(12, 1, 'Friends', 'friends', NULL, NOW(), NOW(), 'Initial Version', 1, 0, 1, NULL, NULL),
(13, 1, 'Page Not Found', 'page_not_found', NULL, NOW(), NOW(), 'Initial Version', 1, 0, 1, NULL, NULL),
(14, 1, 'Page Forbidden', 'page_forbidden', NULL, NOW(), NOW(), 'Initial Version', 1, 0, 1, NULL, NULL),
(15, 1, 'Dashboard', 'dashboard', NULL, NOW(), NOW(), 'Initial Version', 1, 0, 1, NULL, NULL),
(16, 1, 'Sitemap', 'sitemap', 'Whole world at a glance.', NOW(), NOW(), 'Initial Version', 1, 0, 1, NULL, NULL),
(17, 1, 'Full Sitemap', 'full', NULL, NOW(), NOW(), 'Initial Version', 1, 0, 1, NULL, NULL),
(18, 1, 'Flat View', 'explore', NULL, NOW(), NOW(), 'Initial Version', 1, 0, 1, NULL, NULL),
(19, 1, 'Page Search', 'search', NULL, NOW(), NOW(), 'Initial Version', 1, 0, 1, NULL, NULL),
(20, 1, 'Access', 'access', NULL, NOW(), NOW(), 'Initial Version', 1, 0, 1, NULL, NULL),
(21, 1, 'File Manager', 'files', 'All documents and images.', NOW(), NOW(), 'Initial Version', 1, 0, 1, NULL, NULL),
(22, 1, 'Search', 'search', NULL, NOW(), NOW(), 'Initial Version', 1, 0, 1, NULL, NULL),
(23, 1, 'Attributes', 'attributes', NULL, NOW(), NOW(), 'Initial Version', 1, 0, 1, NULL, NULL),
(24, 1, 'Sets', 'sets', NULL, NOW(), NOW(), 'Initial Version', 1, 0, 1, NULL, NULL),
(25, 1, 'Access', 'access', NULL, NOW(), NOW(), 'Initial Version', 1, 0, 1, NULL, NULL),
(26, 1, 'Reports', 'reports', 'Get data from forms and logs.', NOW(), NOW(), 'Initial Version', 1, 0, 1, NULL, NULL),
(27, 1, 'Form Results', 'forms', 'Get submission data.', NOW(), NOW(), 'Initial Version', 1, 0, 1, NULL, NULL),
(28, 1, 'Surveys', 'surveys', NULL, NOW(), NOW(), 'Initial Version', 1, 0, 1, NULL, NULL),
(29, 1, 'Logs', 'logs', NULL, NOW(), NOW(), 'Initial Version', 1, 0, 1, NULL, NULL),
(30, 1, 'Users and Groups', 'users', 'Add and manage people.', NOW(), NOW(), 'Initial Version', 1, 0, 1, NULL, NULL),
(31, 1, 'Find Users', 'search', NULL, NOW(), NOW(), 'Initial Version', 1, 0, 1, NULL, NULL),
(32, 1, 'Add User', 'add', NULL, NOW(), NOW(), 'Initial Version', 1, 0, 1, NULL, NULL),
(33, 1, 'Groups', 'groups', NULL, NOW(), NOW(), 'Initial Version', 1, 0, 1, NULL, NULL),
(34, 1, 'User Attributes', 'attributes', NULL, NOW(), NOW(), 'Initial Version', 1, 0, 1, NULL, NULL),
(35, 1, 'Login & Registration', 'registration', NULL, NOW(), NOW(), 'Initial Version', 1, 0, 1, NULL, NULL),
(36, 1, 'Scrapbook', 'scrapbook', 'Share content across your site.', NOW(), NOW(), 'Initial Version', 0, 0, 1, NULL, NULL),
(37, 1, 'Pages and Themes', 'pages', 'Reskin your site.', NOW(), NOW(), 'Initial Version', 1, 0, 1, NULL, NULL),
(38, 1, 'Themes', 'themes', 'Reskin your site.', NOW(), NOW(), 'Initial Version', 1, 0, 1, NULL, NULL),
(39, 1, 'Add', 'add', NULL, NOW(), NOW(), 'Initial Version', 1, 0, 1, NULL, NULL),
(40, 1, 'Inspect', 'inspect', NULL, NOW(), NOW(), 'Initial Version', 1, 0, 1, NULL, NULL),
(41, 1, 'Customize', 'customize', NULL, NOW(), NOW(), 'Initial Version', 1, 0, 1, NULL, NULL),
(43, 1, 'Page Types', 'types', 'What goes in your site.', NOW(), NOW(), 'Initial Version', 1, 0, 1, NULL, NULL),
(44, 1, 'Attributes', 'attributes', NULL, NOW(), NOW(), 'Initial Version', 1, 0, 1, NULL, NULL),
(45, 1, 'Single Pages', 'single', NULL, NOW(), NOW(), 'Initial Version', 1, 0, 1, NULL, NULL),
(46, 1, 'Add Functionality', 'install', 'Install addons & themes.', NOW(), NOW(), 'Initial Version', 1, 0, 1, NULL, NULL),
(47, 1, 'System & Maintenance', 'system', 'Backup, cleanup and update.', NOW(), NOW(), 'Initial Version', 1, 0, 1, NULL, NULL),
(48, 1, 'Jobs', 'jobs', NULL, NOW(), NOW(), 'Initial Version', 1, 0, 1, NULL, NULL),
(49, 1, 'Backup & Restore', 'backup', NULL, NOW(), NOW(), 'Initial Version', 1, 0, 1, NULL, NULL),
(50, 1, 'Update', 'update', NULL, NOW(), NOW(), 'Initial Version', 1, 0, 1, NULL, NULL),
(51, 1, 'Notifications', 'notifications', NULL, NOW(), NOW(), 'Initial Version', 1, 0, 1, NULL, NULL),
(52, 1, 'Sitewide Settings', 'settings', 'Secure and setup your site.', NOW(), NOW(), 'Initial Version', 1, 0, 1, NULL, NULL),
(53, 1, 'Email', 'mail', 'Enable post via email and other settings.', NOW(), NOW(), 'Initial Version', 1, 0, 1, NULL, NULL),
(54, 1, 'Marketplace', 'marketplace', NULL, NOW(), NOW(), 'Initial Version', 1, 0, 1, NULL, NULL),
(55, 1, 'Download File', 'download_file', NULL, NOW(), NOW(), 'Initial Version', 1, 0, 1, NULL, NULL),
(63, 1, NULL, 'uID=1', NULL, NOW(), NOW(), 'Initial Version', 1, 0, NULL, NULL, NULL),
(66, 1, 'Members', 'members', NULL, NOW(), NOW(), 'Initial Version', 1, 0, 1, NULL, NULL),
(65, 1, '', 'uID=2', NULL, NOW(), NOW(), 'Initial Version', 1, 0, NULL, NULL, NULL),
(36, 2, 'Scrapbook', 'scrapbook', 'Share content across your site.', NOW(), NOW(), '新版本2', 0, 0, 2, 2, NULL),
(36, 3, 'Scrapbook', 'scrapbook', 'Share content across your site.', NOW(), NOW(), '新版本3', 1, 0, 2, 2, NULL),
(1, 3, 'Home', 'home', NULL, NOW(), NOW(), '新版本3', 0, 0, 2, 2, NULL),
(1, 4, 'Home', 'home', NULL, NOW(), NOW(), '新版本4', 0, 0, 2, 2, NULL),
(1, 5, 'Home', 'home', NULL, NOW(), NOW(), 'Version 5', 0, 0, 2, 2, NULL),
(68, 1, 'Search Result', 'searchresult', '', NOW(), NOW(), 'Initial Version', 0, 0, 1, NULL, NULL),
(68, 2, 'Search Result', 'searchresult', '', NOW(), NOW(), '新版本2', 0, 0, 1, 1, NULL),
(68, 3, 'Search Result', 'searchresult', '', NOW(), NOW(), '新版本3', 0, 0, 1, 1, NULL),
(68, 4, 'Search Result', 'searchresult', '', NOW(), NOW(), 'Version 4', 0, 0, 1, 1, NULL),
(68, 5, 'Search Result', 'searchresult', '', NOW(), NOW(), '新版本5', 1, 0, 1, 1, NULL),
(75, 1, '', 'uID=2', NULL, NOW(), NOW(), 'Initial Version', 1, 0, NULL, NULL, NULL),
(1, 6, 'Home', 'home', NULL, NOW(), NOW(), '新版本6', 1, 0, 2, 2, NULL);

INSERT INTO Config VALUES('SITE',NOW(),'{[CCM:SITE]}',0,0);



INSERT INTO `DashboardHomepage` (`dbhID`, `dbhModule`, `dbhDisplayName`, `dbhDisplayOrder`, `pkgID`) VALUES
(1, 'activity', 'Site Activity', 0, 0),
(2, 'reports', 'Statistics', 0, 0),
(3, 'help', 'Help', 0, 0),
(4, 'news', 'Latest News', 0, 0),
(5, 'notes', 'Notes', 0, 0);

INSERT INTO `FileAttributeValues` (`fID`, `fvID`, `akID`, `avID`) VALUES
(1, 1, 12, 1),
(1, 1, 13, 2),
(1, 2, 9, 47),
(1, 2, 10, 48),
(1, 2, 12, 1),
(1, 2, 13, 2),
(2, 1, 12, 3),
(2, 1, 13, 4);


INSERT INTO `Files` (`fID`, `fDateAdded`, `uID`, `fslID`, `ocID`, `fOverrideSetPermissions`, `fPassword`) VALUES
(1, NOW(), 2, 0, 22, 0, NULL);

INSERT INTO `FileSearchIndexAttributes` (`fID`, `ak_width`, `ak_height`) VALUES
(1, 950.0000, 218.0000),
(2, 178.0000, 136.0000);

INSERT INTO `FileSetPermissions` (`fsID`, `gID`, `uID`, `canRead`, `canWrite`, `canAdmin`, `canAdd`, `canSearch`) VALUES
(0, 1, 0, 10, 0, 0, 0, 0),
(0, 2, 0, 10, 0, 0, 0, 0),
(0, 3, 0, 10, 10, 10, 10, 10);

INSERT INTO `FileVersionLog` (`fvlID`, `fID`, `fvID`, `fvUpdateTypeID`, `fvUpdateTypeAttributeID`) VALUES
(1, 1, 1, 5, 12),
(2, 1, 1, 5, 13),
(3, 2, 1, 5, 12),
(4, 2, 1, 5, 13),
(5, 1, 2, 1, 0),
(6, 1, 2, 5, 9),
(7, 1, 2, 5, 10);

INSERT INTO `FileVersions` (`fID`, `fvID`, `fvFilename`, `fvPrefix`, `fvGenericType`, `fvSize`, `fvTitle`, `fvDescription`, `fvTags`, `fvIsApproved`, `fvDateAdded`, `fvApproverUID`, `fvAuthorUID`, `fvActivateDatetime`, `fvHasThumbnail1`, `fvHasThumbnail2`, `fvHasThumbnail3`, `fvExtension`, `fvType`) VALUES
(1, 1, 'banner.jpg', '701349661552', 1, 101131, 'banner.jpg', '', '', 1, NOW(), 2, 2, NOW(), 1, 1, 0, 'jpg', 1);

INSERT INTO `Groups` (`gID`, `gName`, `gDescription`, `gUserExpirationIsEnabled`, `gUserExpirationMethod`, `gUserExpirationSetDateTime`, `gUserExpirationInterval`, `gUserExpirationAction`) VALUES
(1, 'Guest', 'The guest group represents unregistered visitors to your site.', 0, NULL, NULL, 0, NULL),
(2, 'Registered Users', 'The registered users group represents all user accounts.', 0, NULL, NULL, 0, NULL),
(3, 'Administrators', '', 0, NULL, NULL, 0, NULL),
(4, 'cms', 'Master Group by CLink', 0, NULL, NULL, 0, NULL);

INSERT INTO `Jobs` (`jID`, `jName`, `jDescription`, `jDateInstalled`, `jDateLastRun`, `pkgID`, `jLastStatusText`, `jLastStatusCode`, `jStatus`, `jHandle`, `jNotUninstallable`) VALUES
(1, 'Index Search Engine', 'Index the site to allow searching to work quickly and accurately.', NOW(), NOW(), 0, 'Index updated. 2 pages required reindexing.', 0, 'ENABLED', 'index_search', 1),
(2, 'Generate Sitemap File', 'Generate the sitemap.xml file that search engines use to crawl your site.', NOW(), NOW(), 0, 'Sitemap XML File Saved.', 0, 'ENABLED', 'generate_sitemap', 0),
(3, 'Process Email Posts', 'Polls an email account and grabs private messages/postings that are sent there..', NOW(), NOW(), 0, 'The Job was run successfully.', 0, 'ENABLED', 'process_email', 0);





INSERT INTO `MailImporters` (`miID`, `miHandle`, `miServer`, `miUsername`, `miPassword`, `miEncryption`, `miIsEnabled`, `miEmail`, `miPort`, `pkgID`) VALUES
(1, 'private_message', NULL, NULL, NULL, NULL, 0, NULL, 0, 0);

INSERT INTO `Packages` (`pkgID`, `pkgName`, `pkgHandle`, `pkgDescription`, `pkgDateInstalled`, `pkgIsInstalled`, `pkgVersion`, `pkgAvailableVersion`) VALUES
(1, 'Sortable Fancybox Gallery', 'sortable_fancybox_gallery', 'Displays images in a fileset (with an optional lightbox), and allows you to change their display order via drag-and-drop.', NOW(), 1, '1.13', NULL),
(2, 'Breadcrumbs', 'swp_breadcrumbs', 'Allows to add breadcrumbs navigation as a block.<br />By <a href="http://www.smartwebprojects.net/">www.smartwebprojects.net</a>', NOW(), 1, '1.0', NULL),
(3, 'Youku Player', 'youku', 'Embeds a Youku Player in your web page.', NOW(), 1, '1.0.3', NULL);

INSERT INTO `PagePaths` (`ppID`, `cID`, `cPath`, `ppIsCanonical`) VALUES
(1, 5, '/login', '1'),
(2, 6, '/register', '1'),
(3, 7, '/profile', '1'),
(4, 8, '/profile/edit', '1'),
(6, 10, '/profile/avatar', '1'),
(7, 11, '/profile/messages', '1'),
(8, 12, '/profile/friends', '1'),
(9, 13, '/page_not_found', '1'),
(10, 14, '/page_forbidden', '1'),
(11, 15, '/dashboard', '1'),
(12, 16, '/dashboard/sitemap', '1'),
(13, 17, '/dashboard/sitemap/full', '1'),
(14, 18, '/dashboard/sitemap/explore', '1'),
(15, 19, '/dashboard/sitemap/search', '1'),
(16, 20, '/dashboard/sitemap/access', '1'),
(17, 21, '/dashboard/files', '1'),
(18, 22, '/dashboard/files/search', '1'),
(19, 23, '/dashboard/files/attributes', '1'),
(20, 24, '/dashboard/files/sets', '1'),
(21, 25, '/dashboard/files/access', '1'),
(22, 26, '/dashboard/reports', '1'),
(23, 27, '/dashboard/reports/forms', '1'),
(24, 28, '/dashboard/reports/surveys', '1'),
(25, 29, '/dashboard/reports/logs', '1'),
(26, 30, '/dashboard/users', '1'),
(27, 31, '/dashboard/users/search', '1'),
(28, 32, '/dashboard/users/add', '1'),
(29, 33, '/dashboard/users/groups', '1'),
(30, 34, '/dashboard/users/attributes', '1'),
(31, 35, '/dashboard/users/registration', '1'),
(32, 36, '/dashboard/scrapbook', '1'),
(33, 37, '/dashboard/pages', '1'),
(34, 38, '/dashboard/pages/themes', '1'),
(35, 39, '/dashboard/pages/themes/add', '1'),
(36, 40, '/dashboard/pages/themes/inspect', '1'),
(37, 41, '/dashboard/pages/themes/customize', '1'),
(39, 43, '/dashboard/pages/types', '1'),
(40, 44, '/dashboard/pages/attributes', '1'),
(41, 45, '/dashboard/pages/single', '1'),
(42, 46, '/dashboard/install', '1'),
(43, 47, '/dashboard/system', '1'),
(44, 48, '/dashboard/system/jobs', '1'),
(45, 49, '/dashboard/system/backup', '1'),
(46, 50, '/dashboard/system/update', '1'),
(47, 51, '/dashboard/system/notifications', '1'),
(48, 52, '/dashboard/settings', '1'),
(49, 53, '/dashboard/settings/mail', '1'),
(50, 54, '/dashboard/settings/marketplace', '1'),
(51, 55, '/download_file', '1'),
(54, 67, '/search', '1'),
(55, 68, '/searchresult', '1'),
(57, 69, '/about', '1'),
(59, 70, '/about/guest-book', '1'),
(61, 71, '/blog', '1'),
(67, 72, '/blog/my-first-blog-post', '1'),
(68, 73, '/blog/adding-a-new-post', '1'),
(66, 74, '/members', '1');

INSERT INTO `PagePermissions` (`cID`, `gID`, `uID`, `cgPermissions`, `cgStartDate`, `cgEndDate`) VALUES
(5, 1, 0, 'r', NULL, NULL),
(5, 2, 0, 'r', NULL, NULL),
(6, 1, 0, 'r', NULL, NULL),
(15, 3, 0, 'r:wa:adm', NULL, NULL),
(1, 1, 0, 'r', NULL, NULL),
(1, 3, 0, 'r:rv:wa:db:av:dc:adm', NULL, NULL),
(68, 1, 0, 'r', NULL, NULL),
(68, 3, 0, 'rv:wa:db:dc:adm', NULL, NULL),
(68, 4, 0, 'rv:wa:db:dc:adm', NULL, NULL);

INSERT INTO `Pages` (`cID`, `ctID`, `cIsTemplate`, `uID`, `cIsCheckedOut`, `cCheckedOutUID`, `cCheckedOutDatetime`, `cCheckedOutDatetimeLastEdit`, `cPendingAction`, `cPendingActionDatetime`, `cPendingActionUID`, `cPendingActionTargetCID`, `cOverrideTemplatePermissions`, `cInheritPermissionsFromCID`, `cInheritPermissionsFrom`, `cFilename`, `cPointerID`, `cPointerExternalLink`, `cPointerExternalLinkNewWindow`, `cChildren`, `cDisplayOrder`, `cParentID`, `pkgID`, `ptID`, `cCacheFullPageContent`, `cCacheFullPageContentOverrideLifetime`, `cCacheFullPageContentLifetimeCustom`) VALUES
(1, 1, '0', 1, 0, NULL, NULL, NULL, NULL, NOW(), NULL, NULL, 1, 1, 'OVERRIDE', NULL, 0, NULL, 0, 11, 0, 0, 0, 1, -1, '0', 0),
(2, 1, '1', NULL, 0, NULL, NULL, NULL, NULL, NOW(), NULL, NULL, 1, 0, 'PARENT', NULL, 0, NULL, 0, 0, 0, 0, 0, 0, -1, '0', 0),
(5, 0, '0', 1, 0, NULL, NULL, NULL, NULL, NOW(), NULL, NULL, 1, 5, 'OVERRIDE', '/login.php', 0, NULL, 0, 0, 0, 1, 0, 1, -1, '0', 0),
(6, 0, '0', 1, 0, NULL, NULL, NULL, NULL, NOW(), NULL, NULL, 1, 6, 'OVERRIDE', '/register.php', 0, NULL, 0, 0, 3, 1, 0, 1, -1, '0', 0),
(7, 0, '0', 1, 0, NULL, NULL, NULL, NULL, NOW(), NULL, NULL, 1, 1, 'PARENT', '/profile/view.php', 0, NULL, 0, 4, 4, 1, 0, 1, -1, '0', 0),
(8, 0, '0', 1, 0, NULL, NULL, NULL, NULL, NOW(), NULL, NULL, 1, 1, 'PARENT', '/profile/edit.php', 0, NULL, 0, 0, 0, 7, 0, 1, -1, '0', 0),
(10, 0, '0', 1, 0, NULL, NULL, NULL, NULL, NOW(), NULL, NULL, 1, 1, 'PARENT', '/profile/avatar.php', 0, NULL, 0, 0, 1, 7, 0, 1, -1, '0', 0),
(11, 0, '0', 1, 0, NULL, NULL, NULL, NULL, NOW(), NULL, NULL, 1, 1, 'PARENT', '/profile/messages.php', 0, NULL, 0, 0, 2, 7, 0, 1, -1, '0', 0),
(12, 0, '0', 1, 0, NULL, NULL, NULL, NULL, NOW(), NULL, NULL, 1, 1, 'PARENT', '/profile/friends.php', 0, NULL, 0, 0, 3, 7, 0, 1, -1, '0', 0),
(13, 0, '0', 1, 0, NULL, NULL, NULL, NULL, NOW(), NULL, NULL, 1, 1, 'PARENT', '/page_not_found.php', 0, NULL, 0, 0, 6, 1, 0, 1, -1, '0', 0),
(14, 0, '0', 1, 0, NULL, NULL, NULL, NULL, NOW(), NULL, NULL, 1, 1, 'PARENT', '/page_forbidden.php', 0, NULL, 0, 0, 7, 1, 0, 1, -1, '0', 0),
(15, 0, '0', 1, 0, NULL, NULL, NULL, NULL, NOW(), NULL, NULL, 1, 15, 'OVERRIDE', '/dashboard/view.php', 0, NULL, 0, 9, 8, 1, 0, 0, -1, '0', 0),
(16, 0, '0', 1, 0, NULL, NULL, NULL, NULL, NOW(), NULL, NULL, 1, 15, 'PARENT', '/dashboard/sitemap/view.php', 0, NULL, 0, 4, 0, 15, 0, 0, -1, '0', 0),
(17, 0, '0', 1, 0, NULL, NULL, NULL, NULL, NOW(), NULL, NULL, 1, 15, 'PARENT', '/dashboard/sitemap/full.php', 0, NULL, 0, 0, 0, 16, 0, 0, -1, '0', 0),
(18, 0, '0', 1, 0, NULL, NULL, NULL, NULL, NOW(), NULL, NULL, 1, 15, 'PARENT', '/dashboard/sitemap/explore.php', 0, NULL, 0, 0, 1, 16, 0, 0, -1, '0', 0),
(19, 0, '0', 1, 0, NULL, NULL, NULL, NULL, NOW(), NULL, NULL, 1, 15, 'PARENT', '/dashboard/sitemap/search.php', 0, NULL, 0, 0, 2, 16, 0, 0, -1, '0', 0),
(20, 0, '0', 1, 0, NULL, NULL, NULL, NULL, NOW(), NULL, NULL, 1, 15, 'PARENT', '/dashboard/sitemap/access.php', 0, NULL, 0, 0, 3, 16, 0, 0, -1, '0', 0),
(21, 0, '0', 1, 0, NULL, NULL, NULL, NULL, NOW(), NULL, NULL, 1, 15, 'PARENT', '/dashboard/files/view.php', 0, NULL, 0, 4, 1, 15, 0, 0, -1, '0', 0),
(22, 0, '0', 1, 0, NULL, NULL, NULL, NULL, NOW(), NULL, NULL, 1, 15, 'PARENT', '/dashboard/files/search.php', 0, NULL, 0, 0, 0, 21, 0, 0, -1, '0', 0),
(23, 0, '0', 1, 0, NULL, NULL, NULL, NULL, NOW(), NULL, NULL, 1, 15, 'PARENT', '/dashboard/files/attributes.php', 0, NULL, 0, 0, 1, 21, 0, 0, -1, '0', 0),
(24, 0, '0', 1, 0, NULL, NULL, NULL, NULL, NOW(), NULL, NULL, 1, 15, 'PARENT', '/dashboard/files/sets.php', 0, NULL, 0, 0, 2, 21, 0, 0, -1, '0', 0),
(25, 0, '0', 1, 0, NULL, NULL, NULL, NULL, NOW(), NULL, NULL, 1, 15, 'PARENT', '/dashboard/files/access.php', 0, NULL, 0, 0, 3, 21, 0, 0, -1, '0', 0),
(26, 0, '0', 1, 0, NULL, NULL, NULL, NULL, NOW(), NULL, NULL, 1, 15, 'PARENT', '/dashboard/reports.php', 0, NULL, 0, 3, 2, 15, 0, 0, -1, '0', 0),
(27, 0, '0', 1, 0, NULL, NULL, NULL, NULL, NOW(), NULL, NULL, 1, 15, 'PARENT', '/dashboard/reports/forms.php', 0, NULL, 0, 0, 0, 26, 0, 0, -1, '0', 0),
(28, 0, '0', 1, 0, NULL, NULL, NULL, NULL, NOW(), NULL, NULL, 1, 15, 'PARENT', '/dashboard/reports/surveys.php', 0, NULL, 0, 0, 1, 26, 0, 0, -1, '0', 0),
(29, 0, '0', 1, 0, NULL, NULL, NULL, NULL, NOW(), NULL, NULL, 1, 15, 'PARENT', '/dashboard/reports/logs.php', 0, NULL, 0, 0, 2, 26, 0, 0, -1, '0', 0),
(30, 0, '0', 1, 0, NULL, NULL, NULL, NULL, NOW(), NULL, NULL, 1, 15, 'PARENT', '/dashboard/users/view.php', 0, NULL, 0, 5, 3, 15, 0, 0, -1, '0', 0),
(31, 0, '0', 1, 0, NULL, NULL, NULL, NULL, NOW(), NULL, NULL, 1, 15, 'PARENT', '/dashboard/users/search.php', 0, NULL, 0, 0, 0, 30, 0, 0, -1, '0', 0),
(32, 0, '0', 1, 0, NULL, NULL, NULL, NULL, NOW(), NULL, NULL, 1, 15, 'PARENT', '/dashboard/users/add.php', 0, NULL, 0, 0, 1, 30, 0, 0, -1, '0', 0),
(33, 0, '0', 1, 0, NULL, NULL, NULL, NULL, NOW(), NULL, NULL, 1, 15, 'PARENT', '/dashboard/users/groups.php', 0, NULL, 0, 0, 2, 30, 0, 0, -1, '0', 0),
(34, 0, '0', 1, 0, NULL, NULL, NULL, NULL, NOW(), NULL, NULL, 1, 15, 'PARENT', '/dashboard/users/attributes.php', 0, NULL, 0, 0, 3, 30, 0, 0, -1, '0', 0),
(35, 0, '0', 1, 0, NULL, NULL, NULL, NULL, NOW(), NULL, NULL, 1, 15, 'PARENT', '/dashboard/users/registration.php', 0, NULL, 0, 0, 4, 30, 0, 0, -1, '0', 0),
(36, 0, '0', 1, 0, NULL, NULL, NULL, NULL, NOW(), NULL, NULL, 1, 15, 'PARENT', '/dashboard/scrapbook/view.php', 0, NULL, 0, 0, 4, 15, 0, 0, -1, '0', 0),
(37, 0, '0', 1, 0, NULL, NULL, NULL, NULL, NOW(), NULL, NULL, 1, 15, 'PARENT', '/dashboard/pages/view.php', 0, NULL, 0, 4, 5, 15, 0, 0, -1, '0', 0),
(38, 0, '0', 1, 0, NULL, NULL, NULL, NULL, NOW(), NULL, NULL, 1, 15, 'PARENT', '/dashboard/pages/themes/view.php', 0, NULL, 0, 4, 0, 37, 0, 0, -1, '0', 0),
(39, 0, '0', 1, 0, NULL, NULL, NULL, NULL, NOW(), NULL, NULL, 1, 15, 'PARENT', '/dashboard/pages/themes/add.php', 0, NULL, 0, 0, 0, 38, 0, 0, -1, '0', 0),
(40, 0, '0', 1, 0, NULL, NULL, NULL, NULL, NOW(), NULL, NULL, 1, 15, 'PARENT', '/dashboard/pages/themes/inspect.php', 0, NULL, 0, 0, 1, 38, 0, 0, -1, '0', 0),
(41, 0, '0', 1, 0, NULL, NULL, NULL, NULL, NOW(), NULL, NULL, 1, 15, 'PARENT', '/dashboard/pages/themes/customize.php', 0, NULL, 0, 0, 2, 38, 0, 0, -1, '0', 0),
(43, 0, '0', 1, 0, NULL, NULL, NULL, NULL, NOW(), NULL, NULL, 1, 15, 'PARENT', '/dashboard/pages/types/view.php', 0, NULL, 0, 0, 1, 37, 0, 0, -1, '0', 0),
(44, 0, '0', 1, 0, NULL, NULL, NULL, NULL, NOW(), NULL, NULL, 1, 15, 'PARENT', '/dashboard/pages/attributes.php', 0, NULL, 0, 0, 2, 37, 0, 0, -1, '0', 0),
(45, 0, '0', 1, 0, NULL, NULL, NULL, NULL, NOW(), NULL, NULL, 1, 15, 'PARENT', '/dashboard/pages/single.php', 0, NULL, 0, 0, 3, 37, 0, 0, -1, '0', 0),
(46, 0, '0', 1, 0, NULL, NULL, NULL, NULL, NOW(), NULL, NULL, 1, 15, 'PARENT', '/dashboard/install.php', 0, NULL, 0, 0, 6, 15, 0, 0, -1, '0', 0),
(47, 0, '0', 1, 0, NULL, NULL, NULL, NULL, NOW(), NULL, NULL, 1, 15, 'PARENT', '/dashboard/system/view.php', 0, NULL, 0, 4, 7, 15, 0, 0, -1, '0', 0),
(48, 0, '0', 1, 0, NULL, NULL, NULL, NULL, NOW(), NULL, NULL, 1, 15, 'PARENT', '/dashboard/system/jobs.php', 0, NULL, 0, 0, 0, 47, 0, 0, -1, '0', 0),
(49, 0, '0', 1, 0, NULL, NULL, NULL, NULL, NOW(), NULL, NULL, 1, 15, 'PARENT', '/dashboard/system/backup.php', 0, NULL, 0, 0, 1, 47, 0, 0, -1, '0', 0),
(50, 0, '0', 1, 0, NULL, NULL, NULL, NULL, NOW(), NULL, NULL, 1, 15, 'PARENT', '/dashboard/system/update.php', 0, NULL, 0, 0, 2, 47, 0, 0, -1, '0', 0),
(51, 0, '0', 1, 0, NULL, NULL, NULL, NULL, NOW(), NULL, NULL, 1, 15, 'PARENT', '/dashboard/system/notifications.php', 0, NULL, 0, 0, 3, 47, 0, 0, -1, '0', 0),
(52, 0, '0', 1, 0, NULL, NULL, NULL, NULL, NOW(), NULL, NULL, 1, 15, 'PARENT', '/dashboard/settings/view.php', 0, NULL, 0, 2, 8, 15, 0, 0, -1, '0', 0),
(53, 0, '0', 1, 0, NULL, NULL, NULL, NULL, NOW(), NULL, NULL, 1, 15, 'PARENT', '/dashboard/settings/mail/view.php', 0, NULL, 0, 0, 0, 52, 0, 0, -1, '0', 0),
(54, 0, '0', 1, 0, NULL, NULL, NULL, NULL, NOW(), NULL, NULL, 1, 15, 'PARENT', '/dashboard/settings/marketplace.php', 0, NULL, 0, 0, 1, 52, 0, 0, -1, '0', 0),
(55, 0, '0', 1, 0, NULL, NULL, NULL, NULL, NOW(), NULL, NULL, 1, 1, 'PARENT', '/download_file.php', 0, NULL, 0, 0, 9, 1, 0, 0, -1, '0', 0),
(64, 2, '1', NULL, 0, NULL, NULL, NULL, NULL, NOW(), NULL, NULL, 1, 0, 'PARENT', NULL, 0, NULL, 0, 0, 0, 0, 0, 0, -1, '0', 0),
(65, 3, '1', NULL, 0, NULL, NULL, NULL, NULL, NOW(), NULL, NULL, 1, 0, 'PARENT', NULL, 0, NULL, 0, 0, 0, 0, 0, 0, -1, '0', 0),
(66, 4, '1', NULL, 0, NULL, NULL, NULL, NULL, NOW(), NULL, NULL, 1, 0, 'PARENT', NULL, 0, NULL, 0, 0, 0, 0, 0, 0, -1, '0', 0),
(67, 2, '0', 1, 0, NULL, NULL, NULL, NULL, NOW(), NULL, NULL, 1, 1, 'PARENT', NULL, 0, NULL, 0, 1, 5, 1, 0, 1, -1, '0', 0),
(68, 8, '0', 1, 0, NULL, NULL, NULL, NULL, NOW(), NULL, NULL, 1, 1, 'PARENT', NULL, 0, NULL, 0, 0, 11, 1, 0, 1, -1, '0', 0),
(69, 2, '0', 1, 0, NULL, NULL, NULL, NULL, NOW(), NULL, NULL, 1, 1, 'PARENT', NULL, 0, NULL, 0, 1, 1, 1, 0, 1, -1, '0', 0),
(70, 2, '0', 1, 0, NULL, NULL, NULL, NULL, NOW(), NULL, NULL, 1, 1, 'PARENT', NULL, 0, NULL, 0, 0, 0, 69, 0, 1, -1, '0', 0),
(71, 1, '0', 1, 0, NULL, NULL, NULL, NULL, NOW(), NULL, NULL, 1, 1, 'PARENT', NULL, 0, NULL, 0, 2, 2, 1, 0, 1, -1, '0', 0),
(72, 4, '0', 1, 0, NULL, NULL, NULL, NULL, NOW(), NULL, NULL, 1, 1, 'PARENT', NULL, 0, NULL, 0, 0, 0, 71, 0, 1, -1, '0', 0),
(73, 4, '0', 1, 0, NULL, NULL, NULL, NULL, NOW(), NULL, NULL, 1, 1, 'PARENT', NULL, 0, NULL, 0, 0, 1, 71, 0, 1, -1, '0', 0),
(74, 0, '0', 1, 0, NULL, NULL, NULL, NULL, NOW(), NULL, NULL, 1, 1, 'PARENT', '/members.php', 0, NULL, 0, 0, 10, 1, 0, 0, -1, '0', 0);

INSERT INTO `PageSearchIndex` (`cID`, `content`, `cName`, `cDescription`, `cPath`, `cDatePublic`, `cDateLastIndexed`, `cDateLastSitemapped`) VALUES
(1, '歡迎使用 CLINK網站內容管理系統 智慧化的管理平台，能逹到&ldquo;所見即所得&rdquo;的效果。 登入平台 及 點擊&ldquo;修改網頁&rdquo;，進入編輯狀態後，用滑鼠點擊想修改的內容作即時修改。 配合拖拽功能，可隨意改變圖片及文字的顯示位置。懂打字及使用滑鼠便能自主您的網站內容。 ', 'Home', NULL, NULL, NOW(), NOW(), NULL),
(36, 'CLINKCMS ', 'Scrapbook', 'Share content across your site.', '/dashboard/scrapbook', NOW(), NOW(), NULL),
(68, '', 'SearchResult', '', '/searchresult', NOW(), NOW(), NULL);

INSERT INTO `PageThemes` (`ptID`, `ptHandle`, `ptName`, `ptDescription`, `pkgID`) VALUES
(1, 'default', 'Default', 'Default Theme.', 0);

INSERT INTO `PageTypeAttributes` (`ctID`, `akID`) VALUES
(1, 1),
(1, 2),
(1, 3),
(1, 4),
(2, 4),
(3, 4),
(4, 4),
(5, 4),
(6, 4),
(7, 4),
(8, 4);

INSERT INTO `PageTypes` (`ctID`, `ctHandle`, `ctIcon`, `ctName`, `pkgID`) VALUES
(1, 'right_sidebar', 't0_c_right.png', 'Right Sidebar (Default)', 0),
(2, 'left_sidebar', 't0_b_left.png', 'Left Sidebar (Default)', 0),
(3, 'full', 't0_a_main.png', 'Full Width (Default)', 0),
(4, '3cols', 't0_d_3cols.png', 'Three-Column (Default)', 0),
(5, 'full_custom', 't1_a_main.png', 'Full Width (Custom)', 0),
(6, 'left_sidebar_custom', 't1_b_left.png', 'Left Sidebar (Custom)', 0),
(7, 'right_sidebar_custom', 't1_c_right.png', 'Right Sidebar (Custom)', 0),
(8, '3cols_custom', 't1_d_3cols.png', 'Three-Column (Custom)', 0);

INSERT INTO `TaskPermissions` (`tpID`, `tpHandle`, `tpName`, `tpDescription`, `pkgID`) VALUES
(1, 'access_task_permissions', 'Change Task Permissions', '', 0),
(2, 'access_sitemap', 'Access Sitemap and Page Search', '', 0),
(3, 'access_user_search', 'Access User Search', '', 0),
(4, 'access_group_search', 'Access Group Search', '', 0),
(5, 'access_page_defaults', 'Change Content on Page Type Default Pages', '', 0),
(6, 'backup', 'Perform Full Database Backups', '', 0),
(7, 'sudo', 'Sign in as User', '', 0),
(8, 'uninstall_packages', 'Uninstall Packages', '', 0),
(9, 'install_packages', 'Install Packages and Connect to the Marketplace', '', 0);

INSERT INTO `TaskPermissionUserGroups` (`tpID`, `gID`, `uID`, `canRead`) VALUES
(1, 3, 0, 1),
(1, 4, 0, 1),
(2, 1, 0, 1),
(2, 2, 0, 1),
(2, 3, 0, 1),
(3, 3, 0, 1),
(3, 4, 0, 1),
(4, 3, 0, 1),
(4, 4, 0, 1),
(5, 3, 0, 1),
(5, 4, 0, 1),
(6, 3, 0, 1),
(6, 4, 0, 1),
(7, 3, 0, 1),
(7, 4, 0, 1),
(8, 3, 0, 1),
(8, 4, 0, 1),
(9, 3, 0, 1),
(9, 4, 0, 1);

INSERT INTO `UserGroups` (`uID`, `gID`, `ugEntered`, `type`) VALUES
(1, 3, NOW(), NULL),
(1, 4, NOW(), NULL),
(2, 3, NOW(), NULL);
